{"id":4765,"date":"2024-12-16T19:50:51","date_gmt":"2024-12-16T18:50:51","guid":{"rendered":"https:\/\/sp1.brzesckujawski.pl\/2022\/?page_id=4765"},"modified":"2024-12-16T20:06:41","modified_gmt":"2024-12-16T19:06:41","slug":"projekty","status":"publish","type":"page","link":"https:\/\/sp1.brzesckujawski.pl\/2022\/?page_id=4765","title":{"rendered":"Projekty"},"content":{"rendered":"<div class=\"wp-block-image\">\n<figure class=\"aligncenter size-full\"><img loading=\"lazy\" decoding=\"async\" width=\"1025\" height=\"401\" src=\"https:\/\/sp1.brzesckujawski.pl\/2022\/wp-content\/uploads\/2024\/12\/Screenshot-2024-12-16-at-19-57-20-Strona-Internetowa-16.12.2024.pdf.jpg\" alt=\"\" class=\"wp-image-4778\" srcset=\"https:\/\/sp1.brzesckujawski.pl\/2022\/wp-content\/uploads\/2024\/12\/Screenshot-2024-12-16-at-19-57-20-Strona-Internetowa-16.12.2024.pdf.jpg 1025w, https:\/\/sp1.brzesckujawski.pl\/2022\/wp-content\/uploads\/2024\/12\/Screenshot-2024-12-16-at-19-57-20-Strona-Internetowa-16.12.2024.pdf-300x117.jpg 300w, https:\/\/sp1.brzesckujawski.pl\/2022\/wp-content\/uploads\/2024\/12\/Screenshot-2024-12-16-at-19-57-20-Strona-Internetowa-16.12.2024.pdf-768x300.jpg 768w\" sizes=\"auto, (max-width: 1025px) 100vw, 1025px\" \/><\/figure>\n<\/div>\n\n\n<p class=\"has-black-color has-text-color has-link-color has-medium-font-size wp-elements-eaa0984f3c20323242d84b73c66fd004\"><mark style=\"background-color:#8ed1fc\" class=\"has-inline-color has-black-color\"><a href=\"https:\/\/sp1.brzesckujawski.pl\/2022\/wp-content\/uploads\/2024\/12\/Strona-Internetowa-16.12.2024.pdf\">W tym miejscu znajduj\u0105 si\u0119 informacje dotycz\u0105ce projektu.<\/a><\/mark><\/p>\n","protected":false},"excerpt":{"rendered":"<p>W tym miejscu znajduj\u0105 si\u0119 informacje dotycz\u0105ce projektu.<\/p>\n","protected":false},"author":2,"featured_media":0,"parent":0,"menu_order":0,"comment_status":"closed","ping_status":"closed","template":"","meta":{"footnotes":""},"class_list":["post-4765","page","type-page","status-publish","hentry"],"_links":{"self":[{"href":"https:\/\/sp1.brzesckujawski.pl\/2022\/index.php?rest_route=\/wp\/v2\/pages\/4765","targetHints":{"allow":["GET"]}}],"collection":[{"href":"https:\/\/sp1.brzesckujawski.pl\/2022\/index.php?rest_route=\/wp\/v2\/pages"}],"about":[{"href":"https:\/\/sp1.brzesckujawski.pl\/2022\/index.php?rest_route=\/wp\/v2\/types\/page"}],"author":[{"embeddable":true,"href":"https:\/\/sp1.brzesckujawski.pl\/2022\/index.php?rest_route=\/wp\/v2\/users\/2"}],"replies":[{"embeddable":true,"href":"https:\/\/sp1.brzesckujawski.pl\/2022\/index.php?rest_route=%2Fwp%2Fv2%2Fcomments&post=4765"}],"version-history":[{"count":5,"href":"https:\/\/sp1.brzesckujawski.pl\/2022\/index.php?rest_route=\/wp\/v2\/pages\/4765\/revisions"}],"predecessor-version":[{"id":4779,"href":"https:\/\/sp1.brzesckujawski.pl\/2022\/index.php?rest_route=\/wp\/v2\/pages\/4765\/revisions\/4779"}],"wp:attachment":[{"href":"https:\/\/sp1.brzesckujawski.pl\/2022\/index.php?rest_route=%2Fwp%2Fv2%2Fmedia&parent=4765"}],"curies":[{"name":"wp","href":"https:\/\/api.w.org\/{rel}","templated":true}]}}