{"id":98,"date":"2022-11-15T21:50:07","date_gmt":"2022-11-15T20:50:07","guid":{"rendered":"https:\/\/sp1.brzesckujawski.pl\/2022\/?page_id=98"},"modified":"2023-02-01T14:29:54","modified_gmt":"2023-02-01T13:29:54","slug":"linki","status":"publish","type":"page","link":"https:\/\/sp1.brzesckujawski.pl\/2022\/?page_id=98","title":{"rendered":"Linki"},"content":{"rendered":"\n<p class=\"has-black-color has-text-color has-background has-medium-font-size\" style=\"background-color:#e34545\"><strong><a href=\"https:\/\/arkusze.pl\/\">Arkusze.pl<\/a><\/strong> \/ egzamin \u00f3smoklasisty<\/p>\n\n\n\n<p class=\"has-black-color has-luminous-vivid-amber-background-color has-text-color has-background has-medium-font-size\"><strong><a href=\"https:\/\/szaloneliczby.pl\/\">Szalone liczby<\/a><\/strong> \/ egzamin \u00f3smoklasisty<\/p>\n\n\n\n<p class=\"has-black-color has-pale-pink-background-color has-text-color has-background has-medium-font-size\"><strong><a href=\"https:\/\/www.matemaks.pl\/\">Matemax<\/a><\/strong> \/ egzamin \u00f3smoklasisty<\/p>\n\n\n\n<p class=\"has-black-color has-text-color has-background has-medium-font-size\" style=\"background-color:#9154ca\"><strong><a href=\"https:\/\/cke.gov.pl\/egzamin-osmoklasisty\/\">CKE &#8211; egzamin \u00f3smoklasisty<\/a><\/strong><\/p>\n\n\n\n<p class=\"has-black-color has-vivid-green-cyan-background-color has-text-color has-background has-medium-font-size\"><strong><a href=\"https:\/\/pistacja.tv\/\">PistacjaTV<\/a><\/strong><\/p>\n\n\n\n<p class=\"has-black-color has-text-color has-background has-medium-font-size\" style=\"background-color:#f6cf63\"><strong><a href=\"https:\/\/quizlet.com\/pl\">Quizlet<\/a><\/strong><\/p>\n\n\n\n<p class=\"has-black-color has-pale-cyan-blue-background-color has-text-color has-background has-medium-font-size\"><strong><a href=\"https:\/\/zpe.gov.pl\/\">EPodr\u0119czniki<\/a><\/strong><\/p>\n\n\n\n<p class=\"has-black-color has-cyan-bluish-gray-background-color has-text-color has-background has-medium-font-size\"><strong><a href=\"https:\/\/wordwall.net\/pl\">Wordwall<\/a><\/strong><\/p>\n\n\n\n<p class=\"has-black-color has-light-green-cyan-background-color has-text-color has-background has-medium-font-size\"><strong><a href=\"https:\/\/www.eduelo.pl\/\">Eduelo<\/a><\/strong><\/p>\n\n\n\n<p class=\"has-black-color has-text-color has-background has-medium-font-size\" style=\"background-color:#f79fb5\"><strong><a href=\"https:\/\/elt.oup.com\/learning_resources\/courses\/younglearners\/?view=Standard&amp;cc=pl&amp;selLanguage=pl&amp;mode=hub\">Oxford<\/a><\/strong><\/p>\n\n\n\n<p class=\"has-black-color has-text-color has-background has-medium-font-size\" style=\"background-color:#fcb900c7\"><strong><a href=\"https:\/\/kahoot.it\/\">Kahoot<\/a><\/strong><\/p>\n\n\n\n<p class=\"has-black-color has-text-color has-background has-medium-font-size\" style=\"background-color:#9b51e09c\"><strong><a href=\"https:\/\/www.anglomaniacy.pl\/\">Anglomaniacy<\/a><\/strong><\/p>\n\n\n\n<p class=\"has-black-color has-pale-cyan-blue-background-color has-text-color has-background has-medium-font-size\"><strong><a href=\"https:\/\/learningapps.org\/index.php?overview&amp;s=&amp;category=0&amp;tool=\">LearningApps<\/a><\/strong><\/p>\n","protected":false},"excerpt":{"rendered":"<p>Arkusze.pl \/ egzamin \u00f3smoklasisty Szalone liczby \/ egzamin \u00f3smoklasisty Matemax \/ egzamin \u00f3smoklasisty CKE &#8211; egzamin \u00f3smoklasisty PistacjaTV Quizlet EPodr\u0119czniki Wordwall Eduelo Oxford Kahoot Anglomaniacy LearningApps<\/p>\n","protected":false},"author":2,"featured_media":0,"parent":0,"menu_order":0,"comment_status":"closed","ping_status":"closed","template":"","meta":{"footnotes":""},"class_list":["post-98","page","type-page","status-publish","hentry"],"_links":{"self":[{"href":"https:\/\/sp1.brzesckujawski.pl\/2022\/index.php?rest_route=\/wp\/v2\/pages\/98","targetHints":{"allow":["GET"]}}],"collection":[{"href":"https:\/\/sp1.brzesckujawski.pl\/2022\/index.php?rest_route=\/wp\/v2\/pages"}],"about":[{"href":"https:\/\/sp1.brzesckujawski.pl\/2022\/index.php?rest_route=\/wp\/v2\/types\/page"}],"author":[{"embeddable":true,"href":"https:\/\/sp1.brzesckujawski.pl\/2022\/index.php?rest_route=\/wp\/v2\/users\/2"}],"replies":[{"embeddable":true,"href":"https:\/\/sp1.brzesckujawski.pl\/2022\/index.php?rest_route=%2Fwp%2Fv2%2Fcomments&post=98"}],"version-history":[{"count":11,"href":"https:\/\/sp1.brzesckujawski.pl\/2022\/index.php?rest_route=\/wp\/v2\/pages\/98\/revisions"}],"predecessor-version":[{"id":985,"href":"https:\/\/sp1.brzesckujawski.pl\/2022\/index.php?rest_route=\/wp\/v2\/pages\/98\/revisions\/985"}],"wp:attachment":[{"href":"https:\/\/sp1.brzesckujawski.pl\/2022\/index.php?rest_route=%2Fwp%2Fv2%2Fmedia&parent=98"}],"curies":[{"name":"wp","href":"https:\/\/api.w.org\/{rel}","templated":true}]}}